. Calculate k(12).
2579
Let l(k) = 2*k**3 + 357*k**2 + 1764*k - 9. Give l(-5).
-154
Let u(h) = 9*h**2 - 1321*h + 15. Determine u(147).
309
Let f(r) = -9*r - 160. Determine f(-14).
-34
Let m(n) = -79*n + 9172. What is m(104)?
956
Let a(c) = 241*c**2 + 8454*c + 633. Give a(-35).
-32
Let l(k) = k**3 - 28*k**2 - 573*k + 155. Determine l(-14).
-55
Let d(f) = -172*f + 27860. What is d(162)?
-4
Let x(r) = -20*r**2 - 1674*r - 26495. What is x(-16)?
-4831
Let l(h) = 4*h**2 + 101*h + 1171. What is l(-11)?
544
Let a(b) = -427*b**2 + 147314*b - 82. Determine a(345).
-427
Let d(a) = -a**3 - 107*a**2 + 3291*a + 168. Determine d(-132).
1356
Let v(b) = b + 214. Determine v(-16).
198
Let v(x) = 509*x + 3405. Determine v(-7).
-158
Let t(k) = -k**3 - 124*k**2 - 1133*k + 2395. Give t(-114).
1597
Let i(j) = 93*j - 7832. Give i(84).
-20
Let b(y) = y**2 - 6007*y - 480806. What is b(-79)?
-12
Let w(y) = -y**3 + 1472*y**2 - 57281*y + 33. Give w(40).
-7
Let i(p) = 8247532*p - 57732717. Give i(7).
7
Let y(r) = -73*r**2 + 27*r - 20. Give y(-2).
-366
Let l(b) = -68883*b + 2410918. Give l(35).
13
Let z(f) = 46*f**2 - 581*f - 309. Give z(13).
-88
Let p(u) = 99*u**2 - 1084*u + 15. Give p(12).
1263
Let j(d) = d**3 - 521*d**2 + 3602*d - 23. What is j(7)?
5
Let w(j) = -j**3 - 104*j**2 + 117*j + 1296. Calculate w(-105).
36
Let n(s) = s**3 + 35*s**2 - 6920*s - 318270. Give n(-54).
6
Let t(k) = k**3 + 48*k**2 + 592*k + 25654. Calculate t(-47).
39
Let o(x) = -6*x**2 - 85*x + 753. Calculate o(8).
-311
Let l(i) = -i**3 - 14*i**2 - 50*i - 283. Determine l(-9).
-238
Let b(v) = 23827*v - 833949. Determine b(35).
-4
Let w(u) = u**3 + 52*u**2 - 2*u + 162. Give w(0).
162
Let c(m) = -7*m**3 - 1470*m**2 + 53*m + 11101. What is c(-210)?
-29
Let p(f) = -f**3 + 44*f**2 - 150*f + 17. Give p(6).
485
Let u(h) = 7*h**2 - 438*h - 438. Calculate u(-1).
7
Let d(t) = -319*t - 110149. Give d(-344).
-413
Let r(g) = 259*g - 99355. Give r(384).
101
Let c(b) = 94*b**2 - 7073*b + 8657. What is c(74)?
-1
Let w(u) = -9770*u + 48916. Determine w(5).
66
Let c(z) = -1961*z + 52. Determine c(0).
52
Let u(v) = 70*v**2 + 1476*v + 375. Give u(-21).
249
Let n(v) = -9431*v - 686. Give n(0).
-686
Let r(z) = -954554*z. Give r(0).
0
Let s(y) = y**3 + 27*y**2 - 144*y + 2. Determine s(4).
-78
Let t(d) = 2*d**2 - 7057*d - 91909. What is t(-13)?
170
Let c(j) = -j**3 + 30*j**2 - 63*j + 5570. Determine c(33).
224
Let w(b) = -13360*b + 908501. Determine w(68).
21
Let l(h) = -12*h**3 - h**2 - 404*h + 1218. What is l(3)?
-327
Let w(p) = -10*p**2 + 88131*p + 176266. Give w(-2).
-36
Let i(a) = -1617*a + 206976. Give i(128).
0
Let m(l) = 4496*l - 31464. What is m(7)?
8
Let j(m) = -36238*m + 32179339. What is j(888)?
-5
Let y(u) = 2*u**2 + 393*u - 24353. Give y(-246).
1
Let h(b) = 1167*b**2 + 6985*b - 4. What is h(-6)?
98
Let r(a) = -43*a**2 - 12*a - 145. Give r(-4).
-785
Let c(j) = -11276*j + 2514522. What is c(223)?
-26
Let i(m) = 31*m**2 + 15731*m + 7086. Calculate i(-507).
-12
Let f(k) = -6*k**3 + 6*k**2 + 2*k + 581. Calculate f(0).
581
Let o(z) = -133*z**3 - 7*z**2 - 104*z - 104. Calculate o(-1).
126
Let o(v) = -3488*v + 69019. Give o(20).
-741
Let z(d) = -d**3 + 7*d**2 + 112*d - 985. Calculate z(10).
-165
Let f(q) = -q**2 + 3182*q - 1150673. Determine f(416).
-17
Let n(h) = -1578*h + 5127. Calculate n(2).
1971
Let u(x) = x**2 + 83*x - 7798. Calculate u(61).
986
Let a(d) = d**3 - 93*d**2 - 1474*d + 22465. Give a(105).
-5
Let r(c) = -c**3 + 144*c**2 + 4835*c + 15. What is r(-28)?
-517
Let s(l) = -6*l**2 - 1654*l - 73213. Determine s(-220).
267
Let c(j) = -414635*j + 1243899. Determine c(3).
-6
Let p(w) = 2813*w + 1428989. Calculate p(-508).
-15
Let a(i) = 11*i**2 + 1327*i + 6652. Determine a(-5).
292
Let o(k) = 42*k**3 + 2*k**2 - 4617*k + 4617. Give o(1).
44
Let q(k) = 3576*k + 6095. Calculate q(-2).
-1057
Let c(q) = -16026*q**2 + 80118*q + 54. What is c(5)?
-6
Let k(n) = n**2 + 20077*n + 120401. Determine k(-6).
-25
Let s(l) = -2*l**3 + 26*l**2 - 9224*l + 119899. Calculate s(13).
-13
Let z(g) = -15*g**3 - 99*g**2 + 5*g - 50. Give z(-7).
209
Let r(z) = -536*z - 61050. Calculate r(-108).
-3162
Let z(r) = 6*r**2 - 4049*r + 8086. Calculate z(2).
12
Let m(q) = q**3 - 6165*q**2 + 129036*q - 244. What is m(21)?
8
Let d(x) = -2*x**3 + 34*x**2 - 1014*x - 7763. Determine d(-6).
-23
Let v(b) = 34*b - 2876. Calculate v(63).
-734
Let m(d) = 21*d**2 - 165194*d - 330393. Give m(-2).
79
Let j(f) = -96*f + 4921. Calculate j(29).
2137
Let t(v) = v**2 + 21879*v + 524536. Calculate t(-24).
16
Let j(p) = -p**3 + 92*p**2 - 219*p - 4752. Give j(9).
0
Let b(z) = -5433*z - 374907. Calculate b(-69).
-30
Let n(a) = 3*a**3 + 163*a**2 - 844*a - 1051. What is n(-59)?
11
Let n(d) = d**3 - 6*d**2 - 46*d - 20. Determine n(11).
79
Let i(w) = -w**3 - 25*w**2 + 244*w + 2542. Calculate i(-32).
1902
Let u(l) = -324*l + 134454. Determine u(415).
-6
Let u(q) = 7*q**3 + 1061*q**2 - 14271*q - 214. Determine u(-164).
278
Let z(g) = 391*g + 1995. Determine z(-4).
431
Let w(r) = 9*r**3 - 7*r**2 - 244*r + 759. Determine w(3).
207
Let c(n) = 2*n**3 - 50*n**2 - 161*n + 1. Determine c(-3).
-20
Let x(r) = 1252*r + 8000. What is x(-6)?
488
Let z(j) = -j**3 + 8*j**2 + 361*j + 4340. Determine z(-12).
2888
Let r(x) = -x**3 + 24*x**2 - 122*x - 140. Determine r(7).
-161
Let b(r) = -5540*r + 16501. Give b(3).
-119
Let y(r) = -10663*r + 85341. What is y(8)?
37
Let t(x) = x**3 + 16*x**2 + 14. Give t(4).
334
Let l(m) = -m**2 + 125*m + 105310. Give l(-268).
-14
Let v(b) = -b**3 + 23*b**2 + 12*b + 295. What is v(25)?
-655
Let n(y) = -358*y - 109909. Determine n(-307).
-3
Let m(d) = -232*d**2 + 12525*d + 98. Calculate m(54).
-64
Let d(l) = -16763*l - 167516. Give d(-10).
114
Let t(u) = 2*u**2 - 860*u - 6674. Give t(-8).
334
Let z(s) = 8299*s - 323706. Give z(39).
-45
Let o(v) = -v**3 + 110*v**2 - 112*v + 342. Determine o(109).
15
Let t(o) = o**2 - 46683*o + 2424818. Give t(52).
6
Let a(w) = 1713*w - 32758. What is a(19)?
-211
Let r(b) = 4*b**2 - 117*b + 1105. Determine r(19).
326
Let l(a) = 2*a**3 - 299*a**2 + 1293*a + 1723. Calculate l(145).
-17
Let w(t) = 361*t**2 + 5755*t - 423. Give w(-16).
-87
Let p(a) = 150*a + 3105. Determine p(-20).
105
Let u(i) = -253*i + 6249. Calculate u(24).
177
Let x(f) = -f**3 - 176*f**2 - 4142*f + 270. Calculate x(-148).
-26
Let s(d) = -35*d**2 + 91*d + 275. What is s(-3)?
-313
Let z(j) = -36*j**2 - 1380*j + 934. Give z(-39).
-2
Let k(u) = 519*u - 19436. Calculate k(36).
-752
Let l(q) = q**2 - 255*q - 5259. Determine l(-19).
-53
Let x(a) = 2639*a - 44. Calculate x(-1).
-2683
Let q(k) = -18*k**3 + 2526*k**2 - 841*k + 80. What is q(140)?
-60
Let w(z) = 4*z**2 + 1894*z + 11251. What is w(-6)?
31
Let r(h) = h**3 + 4*h**2 + 2234*h - 6724. Determine r(3).
41
Let j(x) = -108*x**2 - 63*x + 350. Determine j(6).
-3916
Let v(w) = 15*w**2 - 356*w + 3420. Calculate v(9).
1431
Let d(l) = -208*l**3 + 21*l**2 - 13*l - 7. Calculate d(1).
-207
Let d(k) = -31*k**2 - 3995*k + 17. What is d(-130)?
-4533
Let n(g) = -183*g**2 - 4477*g - 4453. Determine n(-1).
-159
Let r(h) = -52*h**2 + 360*h - 190. Determine r(7).
-218
Let i(v) = -58006*v + 232027. Determine i(4).
3
Let g(i) = -31943*i + 1852682. Give g(58).
-12
Let x(z) = -888*z - 4457. Give x(-7).
1759
Let a(k) = -k**3 + 321*k**2 + 47410*k + 18. Determine a(431).
18
Let o(x) = x**3 - 137*x**2 + 3501*x + 81. Give o(34).
47
Let b(v) = 7384*v - 56800. Give b(8).
2272
Let j(a) = a**3 - 706*a**2 + 9741*a - 36669. What is j(692)?
7
Let m(h) = -h**3 - 7*h**2 + 228*h + 147. Calculate m(-19).
147
Let r(q) = -5*q**3 + 15*q**2 + 10706*q - 10717. Determine r(1).
-1
Let f(j) = -243*j + 34750. Determine f(143).
1
Let i(w) = -6685*w - 24804. What is i(-4)?
1936
Let c(a) = -65534*a - 720726. Calculate c(-11).
148
Let g(a) = 6597*a**2 - 13265*a + 138. Calculate g(2).
-4
Let g(m) = -3454*m + 10303. Give g(3).
-59
Let g(f) = 27*f**2 + 17420*f + 87045. Calculate g(-5).
620
Let f(o) = 24*o**2 + 229*o - 188. What is f(7)?
2591
Let n(w) = 61*w**2 + 3700*w - 377. Determine n(-62).
4707
Let x(b) = b**3 + 19*b**2 + 476*b + 3869. Determine x(-10).
9
Let s(k) = -18*k**2 + 133*k - 666. What is s(5)?
-451
Let y(l) = -l**2 - 627*l + 72786. What is y(100)?
86
Let z(n) = 9*n**2 - 141*n + 286. What is z(15)?
196
Let q(v) = 7*v**2 - 6110*v - 55088. Give q(-9).